ue
Suppose -4 = -3*l + 2. Suppose -3*b = -4*a - 4*b + 373, -l*b + 182 = 2*a. Is a composite?
True
Let k be 3 - (4 - 3)*0. Let d(b) = b**2 + b + 1. Let t be d(-2). Suppose -w = -t*x - k*w + 73, -3*x + 2*w + 65 = 0. Is x prime?
True
Let i = -1538 - -3429. Is i composite?
True
Let z = -99 + 1460. Is z a prime number?
True
Let b(w) = w**2 + 2*w + 12. Let c be b(-7). Suppose -c - 568 = -5*t. Is t composite?
True
Let t = 2 - 2. Suppose 4*o - j - 7 = 5, -5*o + 4*j + 15 = t. Suppose -o*k + 345 = -216. Is k a prime number?
False
Let n = -7 - 1. Let r(z) = z**3 + 6*z**2 - 4*z - 14. Let y(c) = -c + 1. Let x(k) = -r(k) - 3*y(k). Is x(n) prime?
True
Suppose 15797 = -3*d + 54656. Is d prime?
True
Let h = 23 + -20. Suppose -3932 - 3253 = -h*s. Is s a composite number?
True
Let h(i) = 38*i**3 - 3*i**2 + 8*i - 3. Let l be h(3). Let j = l + -519. Is j composite?
True
Let b be (7/14)/(1/4). Let a be (1 - (3 - b))*1. Suppose -5*l + i + 186 = 0, -l - 2*i + 35 = -a*i. Is l a composite number?
False
Let v = -2423 + 4968. Is v composite?
True
Suppose -2*w + 296 = -664. Let m = w + -681. Let y = -56 - m. Is y composite?
True
Suppose -8*w + 9*w - 27980 = -3*u, w = u - 9328. Is u a prime number?
False
Let p = -8494 + 14615. Is p a composite number?
False
Let p(d) = 5*d**3 - 6*d**2 + 16*d + 1. Is p(8) a prime number?
False
Let a(v) = 2*v**2 + 3*v**3 - 4 - v + 2 - v**2. Let h(w) = -w**2 + 17*w - 62. Let u be h(6). Is a(u) a prime number?
False
Let k(n) = -32*n**2 + 4 + 15*n**2 + 25*n**2 + 9*n + 13. Is k(-6) prime?
True
Let r(v) be the second derivative of 91*v**3 - v**2/2 + 6*v. Is r(1) prime?
False
Let v(q) = 277*q**3 + q**2 - 11*q + 8. Is v(5) a composite number?
False
Suppose 8*o = 5*o + 165. Is 308 + ((-44)/o - (-2)/(-10)) prime?
True
Let g(c) be the second derivative of -16*c**3/3 - 5*c**2 + c. Let r be g(-4). Is 1*6*r/4 prime?
False
Let t = 26292 + -9133. Is t composite?
False
Suppose 4*g - 8 = -o, g - 2 = -1. Let a(r) = 2*r**2 - 4*r + 6. Is a(o) composite?
True
Let a = -401 - -239. Let l be 3884/18 + (-36)/a. Suppose l = c - 131. Is c a prime number?
True
Let w(t) = t**3 - t**2 - 4*t + 3. Let o be w(2). Is (4 + -132 - 3)*o prime?
True
Let k(g) = -7*g**3 + 25*g**2 - 10*g - 25. Let m(i) = -4*i**3 + 13*i**2 - 5*i - 12. Let l(t) = -3*k(t) + 5*m(t). Is l(11) a prime number?
True
Let u(c) = 23*c**2 - 69*c + 143. Is u(-32) prime?
True
Let u(x) = 5*x**3 - 4*x**2 - 8*x + 1. Let p be u(7). Suppose -6*l + p + 1788 = 0. Is l composite?
True
Suppose -v = 2*v - 18. Suppose -3*o = -v*o. Suppose o = -3*f + 489 + 120. Is f prime?
False
Let v(m) = -2*m + 6. Let z(d) be the second derivative of -d**5/20 + d**4/3 - d**3/6 - 2*d**2 + 6*d. Let h be z(4). Is v(h) a composite number?
True
Is 914*4 + -11 + -2 a composite number?
False
Is (-36)/(-48) + 78386/8 a composite number?
True
Suppose 25 = 5*p + w - 0*w, 15 = 3*p + 3*w. Suppose d + 0*d = -4*r + 697, 2*d + p*r = 1382. Suppose 0 = -3*h + d - 12. Is h a composite number?
False
Is 1*252519*(-6)/(-18) a prime number?
False
Let b(l) = -188*l - 5 + 2 + 2. Let i(p) = -59*p + 347. Let z be i(6). Is b(z) a prime number?
False
Let d(t) be the first derivative of 5*t**3 + 5*t**2 + 11*t - 5. Is d(-6) composite?
False
Suppose -6791 - 1833 = 8*n. Let y = -423 - n. Is y composite?
True
Suppose -3*p = v + 13, 5*p - 3*v + 2*v = -19. Let g = -6 - p. Is -2*1/g - -84 a composite number?
True
Suppose -4*d = -11 - 1. Suppose -1362 = -d*o + 1269. Is o a prime number?
True
Suppose -456 = -170*t + 173*t. Let p = t + 471. Is p composite?
True
Let s(x) = 5*x - 16. Let o(i) = -24*i + 80. Let g(m) = 2*o(m) + 11*s(m). Let c be g(6). Let p = 12 + c. Is p prime?
False
Let y(j) be the second derivative of 2*j**3/3 + 3*j. Let b be y(2). Is (-3633)/(-28) + (-6)/b composite?
True
Let t = -51 - -84. Is 13438/22 + 1 + (-27)/t a composite number?
True
Suppose 27*z + 7*z = 39542. Is z composite?
False
Suppose -3*f = -4*n - 6977, 4*f - 3*n + 3734 = 13032. Is f a prime number?
False
Let g(d) be the second derivative of -d**5/20 + d**4/12 - d**3/2 - d**2 + 3*d. Suppose 4*j + 0*j = -20. Is g(j) composite?
False
Suppose 0 = -i + 12 - 1. Let k(m) = 15*m - i*m - 14*m - 3. Is k(-10) prime?
True
Is 12/8*1 - (-1177875)/50 a prime number?
False
Is (-9 + (-224)/(-24))*12273/1 composite?
False
Suppose 35*h - 26*h - 27 = 0. Let v = -72 + 199. Suppose h*m = -2*l + 254, l + 4*m + v = 2*l. Is l a composite number?
False
Suppose -3*y + 3 = -z - 0*z, -3*z + 4*y = 4. Suppose z*d + 224 = d. Let h = 457 - d. Is h prime?
True
Let q be (0 - (-4 + 0)) + -535. Let w = 2224 + q. Is w a prime number?
True
Suppose -19*p = -14*p + 5. Is -4*(0 - p - (-11143)/(-44)) prime?
True
Let u(q) be the second derivative of 13*q**5/20 + q**4/3 + 2*q**3/3 - q**2/2 + 2*q. Let r be u(-3). Let v = -231 - r. Is v a prime number?
True
Let u(k) = -5*k + 7. Let p be u(-19). Let i(w) = w**2 - 5*w + 5. Let h be i(4). Is (h + 0)/(2/p) a prime number?
False
Suppose a - 15 = -4*a. Suppose a*j = -0*j + 7071. Is j prime?
True
Let m be 2/5 + (-3)/(-5). Let h = m - 5. Is (-307)/(-4) - h/16 a prime number?
False
Suppose 7*x = 681 + 523. Suppose -3*i + x - 3 = -k, 3*k = -3*i + 153. Is i a prime number?
False
Suppose -26*o + 34266 = -20*o. Is o a composite number?
False
Let g = -23 + 26. Suppose -284 + 1541 = g*c. Is c a composite number?
False
Let g = 519 + -2. Let c = -332 + g. Suppose -5*x = -0*x - c. Is x a prime number?
True
Let v(q) = 19*q**3 - 3*q**2 + 2*q + 2. Suppose -x = -2*x + 5*c - 18, 2*c = -4*x + 16. Let k be v(x). Let d = k - 25. Is d a composite number?
True
Suppose 3*c - c = 6598. Is c prime?
True
Suppose -5*l + 14 = x - 4*x, 2*x + 5*l - 24 = 0. Suppose -2*k - 3*w + 50 = 0, -x*k + 3*w = -36 - 2. Is k a prime number?
False
Let x be (14/(-5))/(1/5). Let l(y) = y**3 + 15*y**2 + 12*y + 7. Let z be l(x). Is (1043/z)/(2/10) prime?
True
Suppose 0*q - 318 = -2*q. Let a = 389 + -389. Suppose a = -j - 2*j + q. Is j prime?
True
Let a(y) = 43*y**2 + 10*y + 5. Let r(s) = 21*s**2 + 5*s + 3. Let m(h) = -6*a(h) + 13*r(h). Is m(-7) prime?
True
Suppose 20062 = 34*m - 27504. Is m a composite number?
False
Is (-9 - (-290412)/66) + (-4)/22 prime?
True
Suppose -34100 - 26356 = -6*n. Suppose 12*c - 1216 = n. Is c composite?
False
Is (-48)/36 - 8170/(-3) a prime number?
False
Suppose 4*a = -5*j + 3, j - 4*a = -9*a + 9. Let w(t) = -3*t**3 + 1. Let q be w(j). Suppose q*v - 789 = -0*v - 3*r, -2*v = 5*r - 377. Is v prime?
False
Let g = -4 - 3. Let c be (1*-317)/(g/28). Suppose 0 = -5*y + y + c. Is y prime?
True
Suppose 0*x + 5*x - 16643 = -2*w, -2*w + 16649 = 3*x. Is w prime?
True
Let r be 14 - -2*2/4. Suppose y - 3*h - 313 - 138 = 0, 5*y = 3*h + 2291. Suppose r*j = 11*j + y. Is j a prime number?
False
Let h = -6 - -1015. Is h prime?
True
Let t(x) = -x**3 - 4*x - 1. Let l be t(-3). Let d be -27 - (-4 + 1) - -1. Let r = d + l. Is r a prime number?
False
Let m(q) = 452*q**2 - q - 1. Let t = 24 + -25. Let j be m(t). Suppose -v - j = -5*v. Is v prime?
True
Let b(o) = -o - 159. Let q(m) = -m**2 + 7*m + 8. Let n be q(8). Let u be b(n). Let p = u + 274. Is p a composite number?
True
Let s = 55 + 159. Is s a prime number?
False
Let h(s) = s**2 - 17*s - 29. Let b(f) = f**3 - 14*f**2 + 15*f - 6. Let c be b(13). Is h(c) composite?
False
Let n be ((-2)/6)/((-14)/9492). Let g = n + -9. Is g composite?
True
Is (25084/(-12) - 6)*-3 a prime number?
False
Let q(o) be the first derivative of 58*o**3 - 5*o - 37. Is q(2) a composite number?
False
Let l = -5767 - -12064. Is l a prime number?
False
Let k(s) = 559*s**2 - 9*s - 17. Is k(-2) prime?
True
Suppose -3*w = 4*t - 520, 5*t - w = 291 + 340. Let z = t + -74. Is z a prime number?
True
Suppose -2*c - 7 = -4*i + 3, -4*c = 3*i + 9. Let r(u) = 1142*u**2 - 3*u + 2. Is r(i) a composite number?
True
Is (-20)/(-10)*116463/6 a prime number?
True
Let m = 23 + 110. Suppose -m = -6*z - 43. Let i = -2 + z. Is i composite?
False
Let z(j) = 25*j + 29*j + 21*j - 37 - 23*j. Is z(12) a prime number?
True
Suppose -2*d = 3*y - 0*d - 624, y = 2*d + 208. Suppose 2*t - 4*t = -y. Suppose -t = -5*x + 131. Is x prime?
True
Let a be 63/14 + (-2)/4. Suppose 0 = 2*b - a - 2. Let w(t) = 3*t**3 - 3*t - 3. Is w(b) prime?
False
Is (234/27 - 2)*(-267)/(-4) a prime number?
False
Suppose 58 = 2*c - 7*o + 2*o, 4*c - 128 = 4*o. Suppose -d = -5*